{"id":2,"date":"2025-10-20T10:40:05","date_gmt":"2025-10-20T10:40:05","guid":{"rendered":"https:\/\/catedradearte.ro\/?page_id=2"},"modified":"2025-11-06T16:26:50","modified_gmt":"2025-11-06T16:26:50","slug":"sample-page","status":"publish","type":"page","link":"https:\/\/catedradearte.ro\/?page_id=2","title":{"rendered":"Despre"},"content":{"rendered":"\n<p>Catedra de Arte Vizuale din cadrul Liceului de Arte \u201eSigismund Todu\u021b\u0103\u201d din Deva reune\u0219te o echip\u0103 de profesori specializa\u021bi \u00eentr-o palet\u0103 larg\u0103 de domenii artistice, acoperind integral aria necesar\u0103 form\u0103rii elevilor \u00een spiritul unei educa\u021bii vizuale complete. Sub aceast\u0103 cupol\u0103 cultural\u0103 se dezvolt\u0103 creatori \u0219i tehnicieni preg\u0103ti\u021bi s\u0103 \u00ee\u0219i continue parcursul profesional \u00een domenii artistice diverse, at\u00e2t \u00een Rom\u00e2nia, c\u00e2t \u0219i \u00een str\u0103in\u0103tate.<\/p>\n\n\n\n<p>Structura catedrei cuprinde dou\u0103 clase distincte, fiecare cu o specializare proprie:<\/p>\n\n\n\n<ul class=\"wp-block-list\">\n<li><strong>Arte plastice, arte decorative<\/strong><\/li>\n\n\n\n<li><strong>Arhitectur\u0103, arte ambientale \u0219i design<\/strong><\/li>\n<\/ul>\n\n\n\n<p>Scopul principal al catedrei este formarea de absolven\u021bi cu competen\u021be tehnice \u0219i creative \u00een domeniul artelor vizuale, capabili s\u0103 acceseze at\u00e2t pia\u021ba muncii \u2014 prin ob\u021binerea Certificatului de Atestare Profesional\u0103 \u2014 c\u00e2t \u0219i mediul universitar artistic, printr-o preg\u0103tire solid\u0103 pentru admiterea \u00een institu\u021bii de \u00eenv\u0103\u021b\u0103m\u00e2nt superior.<\/p>\n\n\n\n<p>Fondat\u0103 \u00een jurul anului 1958, ca extensie a \u0218colii de Muzic\u0103 de 7 ani din Deva, catedra a marcat \u00eenceputul unei tradi\u021bii vizuale \u00een ora\u0219, devenind parte integrant\u0103 a Liceului de Muzic\u0103 \u0219i Arte Plastice. Ini\u021bial cu o singur\u0103 clas\u0103 de Arte plastice, catedra s-a extins \u00een 2000 prin \u00eenfiin\u021barea celei de-a doua clase, cu profil de Arhitectur\u0103, consolid\u00e2ndu-\u0219i astfel identitatea multidisciplinar\u0103.<\/p>\n\n\n\n<p>Abordarea pedagogic\u0103 este dinamic\u0103, conectat\u0103 la realitatea artistic\u0103 contemporan\u0103, \u0219i sus\u021binut\u0103 de profesori activi \u00een domeniul crea\u021biei vizuale. Diversitatea genera\u021bional\u0103 a echipei didactice contribuie la un dialog viu \u00eentre tradi\u021bie \u0219i inova\u021bie, \u00eentre tehnic\u0103 \u0219i expresivitate.<\/p>\n\n\n\n<p>Fiecare profesor coordoneaz\u0103 un atelier dedicat specializ\u0103rii sale, oferind elevilor acces la spa\u021bii de lucru echipate corespunz\u0103tor \u0219i adaptate nevoilor fiec\u0103rui domeniu. Astfel, procesul educa\u021bional se desf\u0103\u0219oar\u0103 \u00eentr-un cadru care stimuleaz\u0103 explorarea, rigoarea \u0219i dezvoltarea personal\u0103.<\/p>\n\n\n\n<h3 class=\"wp-block-heading\">Echipa catedrei:<\/h3>\n\n\n\n<ul class=\"wp-block-list\">\n<li>Ana-Maria Iancu<\/li>\n\n\n\n<li>Corina Popa<\/li>\n\n\n\n<li>Alina Nealco\u0219<\/li>\n\n\n\n<li>Andrei Rosetti<\/li>\n\n\n\n<li>C\u0103t\u0103lin Dragomir<\/li>\n\n\n\n<li>Grigore Roibu<\/li>\n\n\n\n<li>Remus Poenar-Alexa<\/li>\n\n\n\n<li>Cristina Poenar-Alexa<\/li>\n\n\n\n<li>Iulian Solda<\/li>\n\n\n\n<li>Arh. Adrian Lasc\u0103u-B\u00eelc<\/li>\n\n\n\n<li>Agnes Ile<\/li>\n\n\n\n<li>M\u0103d\u0103lina Stan<\/li>\n\n\n\n<li>Diana Jula<\/li>\n\n\n\n<li>Emanuela Cibu<\/li>\n\n\n\n<li>Daniel-\u0218tefan Boc\u0219e<\/li>\n\n\n\n<li>Ioana Moldovan<\/li>\n<\/ul>\n\n\n\n<p>Coordonarea institu\u021biei este asigurat\u0103 de doamna director <strong>Alina-Maria S\u00eerbu<\/strong>, \u00eentr-un cadru care sus\u021bine excelen\u021ba artistic\u0103 \u0219i educa\u021bional\u0103.<\/p>\n\n\n\n<p><\/p>\n","protected":false},"excerpt":{"rendered":"<p>Catedra de Arte Vizuale din cadrul Liceului de Arte \u201eSigismund Todu\u021b\u0103\u201d din Deva reune\u0219te o echip\u0103 de profesori specializa\u021bi \u00eentr-o palet\u0103 larg\u0103 de domenii artistice, acoperind integral aria necesar\u0103 form\u0103rii elevilor \u00een spiritul unei educa\u021bii vizuale complete. Sub aceast\u0103 cupol\u0103 cultural\u0103 se dezvolt\u0103 creatori \u0219i tehnicieni preg\u0103ti\u021bi s\u0103 \u00ee\u0219i continue parcursul profesional \u00een domenii artistice [&hellip;]<\/p>\n","protected":false},"author":1,"featured_media":0,"parent":0,"menu_order":0,"comment_status":"closed","ping_status":"open","template":"","meta":{"site-container-style":"default","site-container-layout":"default","site-sidebar-layout":"default","disable-article-header":"default","disable-site-header":"default","disable-site-footer":"default","disable-content-area-spacing":"default","footnotes":""},"class_list":["post-2","page","type-page","status-publish","hentry"],"_links":{"self":[{"href":"https:\/\/catedradearte.ro\/index.php?rest_route=\/wp\/v2\/pages\/2","targetHints":{"allow":["GET"]}}],"collection":[{"href":"https:\/\/catedradearte.ro\/index.php?rest_route=\/wp\/v2\/pages"}],"about":[{"href":"https:\/\/catedradearte.ro\/index.php?rest_route=\/wp\/v2\/types\/page"}],"author":[{"embeddable":true,"href":"https:\/\/catedradearte.ro\/index.php?rest_route=\/wp\/v2\/users\/1"}],"replies":[{"embeddable":true,"href":"https:\/\/catedradearte.ro\/index.php?rest_route=%2Fwp%2Fv2%2Fcomments&post=2"}],"version-history":[{"count":7,"href":"https:\/\/catedradearte.ro\/index.php?rest_route=\/wp\/v2\/pages\/2\/revisions"}],"predecessor-version":[{"id":54,"href":"https:\/\/catedradearte.ro\/index.php?rest_route=\/wp\/v2\/pages\/2\/revisions\/54"}],"wp:attachment":[{"href":"https:\/\/catedradearte.ro\/index.php?rest_route=%2Fwp%2Fv2%2Fmedia&parent=2"}],"curies":[{"name":"wp","href":"https:\/\/api.w.org\/{rel}","templated":true}]}}

<p>Catedra de Arte Vizuale din cadrul Liceului de Arte „Sigismund Toduță” din Deva reunește o echipă de profesori specializați într-o paletă largă de domenii artistice, acoperind integral aria necesară formării elevilor în spiritul unei educații vizuale complete. Sub această cupolă culturală se dezvoltă creatori și tehnicieni pregătiți să își continue parcursul profesional în domenii artistice diverse, atât în România, cât și în străinătate.</p>



<p>Structura catedrei cuprinde două clase distincte, fiecare cu o specializare proprie:</p>



<ul class="wp-block-list">
<li><strong>Arte plastice, arte decorative</strong></li>



<li><strong>Arhitectură, arte ambientale și design</strong></li>
</ul>



<p>Scopul principal al catedrei este formarea de absolvenți cu competențe tehnice și creative în domeniul artelor vizuale, capabili să acceseze atât piața muncii — prin obținerea Certificatului de Atestare Profesională — cât și mediul universitar artistic, printr-o pregătire solidă pentru admiterea în instituții de învățământ superior.</p>



<p>Fondată în jurul anului 1958, ca extensie a Școlii de Muzică de 7 ani din Deva, catedra a marcat începutul unei tradiții vizuale în oraș, devenind parte integrantă a Liceului de Muzică și Arte Plastice. Inițial cu o singură clasă de Arte plastice, catedra s-a extins în 2000 prin înființarea celei de-a doua clase, cu profil de Arhitectură, consolidându-și astfel identitatea multidisciplinară.</p>



<p>Abordarea pedagogică este dinamică, conectată la realitatea artistică contemporană, și susținută de profesori activi în domeniul creației vizuale. Diversitatea generațională a echipei didactice contribuie la un dialog viu între tradiție și inovație, între tehnică și expresivitate.</p>



<p>Fiecare profesor coordonează un atelier dedicat specializării sale, oferind elevilor acces la spații de lucru echipate corespunzător și adaptate nevoilor fiecărui domeniu. Astfel, procesul educațional se desfășoară într-un cadru care stimulează explorarea, rigoarea și dezvoltarea personală.</p>



<h3 class="wp-block-heading">Echipa catedrei:</h3>



<ul class="wp-block-list">
<li>Ana-Maria Iancu</li>



<li>Corina Popa</li>



<li>Alina Nealcoș</li>



<li>Andrei Rosetti</li>



<li>Cătălin Dragomir</li>



<li>Grigore Roibu</li>



<li>Remus Poenar-Alexa</li>



<li>Cristina Poenar-Alexa</li>



<li>Iulian Solda</li>



<li>Arh. Adrian Lascău-Bîlc</li>



<li>Agnes Ile</li>



<li>Mădălina Stan</li>



<li>Diana Jula</li>



<li>Emanuela Cibu</li>



<li>Daniel-Ștefan Bocșe</li>



<li>Ioana Moldovan</li>
</ul>



<p>Coordonarea instituției este asigurată de doamna director <strong>Alina-Maria Sîrbu</strong>, într-un cadru care susține excelența artistică și educațională.</p>



<p></p>

<p>Catedra de Arte Vizuale din cadrul Liceului de Arte „Sigismund Toduță” din Deva reunește o echipă de profesori specializați într-o paletă largă de domenii artistice, acoperind integral aria necesară formării elevilor în spiritul unei educații vizuale complete. Sub această cupolă culturală se dezvoltă creatori și tehnicieni pregătiți să își continue parcursul profesional în domenii artistice [&hellip;]</p>
