{"id":101,"date":"2025-11-21T08:34:03","date_gmt":"2025-11-21T08:34:03","guid":{"rendered":"https:\/\/catedradearte.ro\/?page_id=101"},"modified":"2025-11-21T08:39:24","modified_gmt":"2025-11-21T08:39:24","slug":"os-10-decembrie","status":"publish","type":"page","link":"https:\/\/catedradearte.ro\/?page_id=101","title":{"rendered":"OS \/ 10 decembrie"},"content":{"rendered":"\n<p>Dragi elevi, profesori \u0219i prieteni ai liceului, suntem bucuro\u0219i s\u0103 v\u0103 invit\u0103m la&nbsp;<strong>prima edi\u021bie a proiectului Open Studios<\/strong>, care va avea loc&nbsp;<strong>luni, 10 decembrie 2025<\/strong>, \u00een atelierele liceului nostru, \u00eentre orele 09:00-16:00.<\/p>\n\n\n\n<p>La finalul fiec\u0103rui modul, atelierele se deschid publicului, oferind ocazia de a descoperi procesul creativ al elevilor \u0219i atmosfera de lucru din \u0219coal\u0103. Nu este doar o expozi\u021bie, ci o&nbsp;<strong>c\u0103l\u0103torie \u00een culisele artei<\/strong>, unde vizitatorii pot vedea cum se nasc lucr\u0103rile, pot dialoga cu elevii \u0219i profesorii \u0219i pot \u00een\u021belege mai bine parcursul educa\u021bional artistic.<\/p>\n\n\n\n<h2 class=\"wp-block-heading\">Harta expozi\u021biilor<\/h2>\n\n\n\n<figure class=\"wp-block-image aligncenter size-large\"><img loading=\"lazy\" decoding=\"async\" width=\"1390\" height=\"834\" src=\"https:\/\/catedradearte.ro\/wp-content\/uploads\/2025\/11\/curte-edited.png\" alt=\"\" class=\"wp-image-109\" srcset=\"https:\/\/catedradearte.ro\/wp-content\/uploads\/2025\/11\/curte-edited.png 1390w, https:\/\/catedradearte.ro\/wp-content\/uploads\/2025\/11\/curte-edited-300x180.png 300w, https:\/\/catedradearte.ro\/wp-content\/uploads\/2025\/11\/curte-edited-1024x614.png 1024w, https:\/\/catedradearte.ro\/wp-content\/uploads\/2025\/11\/curte-edited-768x461.png 768w\" sizes=\"auto, (max-width: 1390px) 100vw, 1390px\" \/><figcaption class=\"wp-element-caption\">Curtea liceului<\/figcaption><\/figure>\n\n\n\n<hr class=\"wp-block-separator has-alpha-channel-opacity\"\/>\n\n\n\n<figure class=\"wp-block-image aligncenter size-large\"><img loading=\"lazy\" decoding=\"async\" width=\"1024\" height=\"609\" src=\"https:\/\/catedradearte.ro\/wp-content\/uploads\/2025\/11\/parter-1024x609.png\" alt=\"\" class=\"wp-image-103\" srcset=\"https:\/\/catedradearte.ro\/wp-content\/uploads\/2025\/11\/parter-1024x609.png 1024w, https:\/\/catedradearte.ro\/wp-content\/uploads\/2025\/11\/parter-300x178.png 300w, https:\/\/catedradearte.ro\/wp-content\/uploads\/2025\/11\/parter-768x456.png 768w, https:\/\/catedradearte.ro\/wp-content\/uploads\/2025\/11\/parter-1536x913.png 1536w, https:\/\/catedradearte.ro\/wp-content\/uploads\/2025\/11\/parter-2048x1217.png 2048w\" sizes=\"auto, (max-width: 1024px) 100vw, 1024px\" \/><figcaption class=\"wp-element-caption\">Parter<\/figcaption><\/figure>\n\n\n\n<hr class=\"wp-block-separator has-alpha-channel-opacity\"\/>\n\n\n\n<figure class=\"wp-block-image alignwide size-large\"><img loading=\"lazy\" decoding=\"async\" width=\"1024\" height=\"866\" src=\"https:\/\/catedradearte.ro\/wp-content\/uploads\/2025\/11\/etajul_1-1024x866.png\" alt=\"\" class=\"wp-image-104\" srcset=\"https:\/\/catedradearte.ro\/wp-content\/uploads\/2025\/11\/etajul_1-1024x866.png 1024w, https:\/\/catedradearte.ro\/wp-content\/uploads\/2025\/11\/etajul_1-300x254.png 300w, https:\/\/catedradearte.ro\/wp-content\/uploads\/2025\/11\/etajul_1-768x650.png 768w, https:\/\/catedradearte.ro\/wp-content\/uploads\/2025\/11\/etajul_1-1536x1300.png 1536w, https:\/\/catedradearte.ro\/wp-content\/uploads\/2025\/11\/etajul_1-2048x1733.png 2048w\" sizes=\"auto, (max-width: 1024px) 100vw, 1024px\" \/><figcaption class=\"wp-element-caption\">Etajul I<\/figcaption><\/figure>\n\n\n\n<hr class=\"wp-block-separator has-alpha-channel-opacity\"\/>\n\n\n\n<figure class=\"wp-block-image aligncenter size-large\"><img loading=\"lazy\" decoding=\"async\" width=\"1024\" height=\"614\" src=\"https:\/\/catedradearte.ro\/wp-content\/uploads\/2025\/11\/etajul_2-1024x614.png\" alt=\"\" class=\"wp-image-105\" srcset=\"https:\/\/catedradearte.ro\/wp-content\/uploads\/2025\/11\/etajul_2-1024x614.png 1024w, https:\/\/catedradearte.ro\/wp-content\/uploads\/2025\/11\/etajul_2-300x180.png 300w, https:\/\/catedradearte.ro\/wp-content\/uploads\/2025\/11\/etajul_2-768x461.png 768w, https:\/\/catedradearte.ro\/wp-content\/uploads\/2025\/11\/etajul_2-1536x922.png 1536w, https:\/\/catedradearte.ro\/wp-content\/uploads\/2025\/11\/etajul_2-2048x1229.png 2048w\" sizes=\"auto, (max-width: 1024px) 100vw, 1024px\" \/><figcaption class=\"wp-element-caption\">Etajul II<\/figcaption><\/figure>\n\n\n\n<hr class=\"wp-block-separator has-alpha-channel-opacity\"\/>\n\n\n\n<figure class=\"wp-block-image aligncenter size-large\"><img loading=\"lazy\" decoding=\"async\" width=\"1024\" height=\"930\" src=\"https:\/\/catedradearte.ro\/wp-content\/uploads\/2025\/11\/etajul_3-1024x930.png\" alt=\"\" class=\"wp-image-106\" srcset=\"https:\/\/catedradearte.ro\/wp-content\/uploads\/2025\/11\/etajul_3-1024x930.png 1024w, https:\/\/catedradearte.ro\/wp-content\/uploads\/2025\/11\/etajul_3-300x273.png 300w, https:\/\/catedradearte.ro\/wp-content\/uploads\/2025\/11\/etajul_3-768x698.png 768w, https:\/\/catedradearte.ro\/wp-content\/uploads\/2025\/11\/etajul_3-1536x1395.png 1536w, https:\/\/catedradearte.ro\/wp-content\/uploads\/2025\/11\/etajul_3-2048x1860.png 2048w\" sizes=\"auto, (max-width: 1024px) 100vw, 1024px\" \/><figcaption class=\"wp-element-caption\">Etajul III<\/figcaption><\/figure>\n\n\n\n<hr class=\"wp-block-separator has-alpha-channel-opacity\"\/>\n\n\n\n<p><\/p>\n","protected":false},"excerpt":{"rendered":"<p>Dragi elevi, profesori \u0219i prieteni ai liceului, suntem bucuro\u0219i s\u0103 v\u0103 invit\u0103m la&nbsp;prima edi\u021bie a proiectului Open Studios, care va avea loc&nbsp;luni, 10 decembrie 2025, \u00een atelierele liceului nostru, \u00eentre orele 09:00-16:00. La finalul fiec\u0103rui modul, atelierele se deschid publicului, oferind ocazia de a descoperi procesul creativ al elevilor \u0219i atmosfera de lucru din \u0219coal\u0103. [&hellip;]<\/p>\n","protected":false},"author":1,"featured_media":0,"parent":0,"menu_order":0,"comment_status":"closed","ping_status":"closed","template":"","meta":{"site-container-style":"default","site-container-layout":"default","site-sidebar-layout":"default","disable-article-header":"default","disable-site-header":"default","disable-site-footer":"default","disable-content-area-spacing":"default","footnotes":""},"class_list":["post-101","page","type-page","status-publish","hentry"],"_links":{"self":[{"href":"https:\/\/catedradearte.ro\/index.php?rest_route=\/wp\/v2\/pages\/101","targetHints":{"allow":["GET"]}}],"collection":[{"href":"https:\/\/catedradearte.ro\/index.php?rest_route=\/wp\/v2\/pages"}],"about":[{"href":"https:\/\/catedradearte.ro\/index.php?rest_route=\/wp\/v2\/types\/page"}],"author":[{"embeddable":true,"href":"https:\/\/catedradearte.ro\/index.php?rest_route=\/wp\/v2\/users\/1"}],"replies":[{"embeddable":true,"href":"https:\/\/catedradearte.ro\/index.php?rest_route=%2Fwp%2Fv2%2Fcomments&post=101"}],"version-history":[{"count":3,"href":"https:\/\/catedradearte.ro\/index.php?rest_route=\/wp\/v2\/pages\/101\/revisions"}],"predecessor-version":[{"id":113,"href":"https:\/\/catedradearte.ro\/index.php?rest_route=\/wp\/v2\/pages\/101\/revisions\/113"}],"wp:attachment":[{"href":"https:\/\/catedradearte.ro\/index.php?rest_route=%2Fwp%2Fv2%2Fmedia&parent=101"}],"curies":[{"name":"wp","href":"https:\/\/api.w.org\/{rel}","templated":true}]}}

<p>Dragi elevi, profesori și prieteni ai liceului, suntem bucuroși să vă invităm la&nbsp;<strong>prima ediție a proiectului Open Studios</strong>, care va avea loc&nbsp;<strong>luni, 10 decembrie 2025</strong>, în atelierele liceului nostru, între orele 09:00-16:00.</p>



<p>La finalul fiecărui modul, atelierele se deschid publicului, oferind ocazia de a descoperi procesul creativ al elevilor și atmosfera de lucru din școală. Nu este doar o expoziție, ci o&nbsp;<strong>călătorie în culisele artei</strong>, unde vizitatorii pot vedea cum se nasc lucrările, pot dialoga cu elevii și profesorii și pot înțelege mai bine parcursul educațional artistic.</p>



<h2 class="wp-block-heading">Harta expozițiilor</h2>



<figure class="wp-block-image aligncenter size-large"><img loading="lazy" decoding="async" width="1390" height="834" src="https://catedradearte.ro/wp-content/uploads/2025/11/curte-edited.png" alt="" class="wp-image-109" srcset="https://catedradearte.ro/wp-content/uploads/2025/11/curte-edited.png 1390w, https://catedradearte.ro/wp-content/uploads/2025/11/curte-edited-300x180.png 300w, https://catedradearte.ro/wp-content/uploads/2025/11/curte-edited-1024x614.png 1024w, https://catedradearte.ro/wp-content/uploads/2025/11/curte-edited-768x461.png 768w" sizes="auto, (max-width: 1390px) 100vw, 1390px" /><figcaption class="wp-element-caption">Curtea liceului</figcaption></figure>



<hr class="wp-block-separator has-alpha-channel-opacity"/>



<figure class="wp-block-image aligncenter size-large"><img loading="lazy" decoding="async" width="1024" height="609" src="https://catedradearte.ro/wp-content/uploads/2025/11/parter-1024x609.png" alt="" class="wp-image-103" srcset="https://catedradearte.ro/wp-content/uploads/2025/11/parter-1024x609.png 1024w, https://catedradearte.ro/wp-content/uploads/2025/11/parter-300x178.png 300w, https://catedradearte.ro/wp-content/uploads/2025/11/parter-768x456.png 768w, https://catedradearte.ro/wp-content/uploads/2025/11/parter-1536x913.png 1536w, https://catedradearte.ro/wp-content/uploads/2025/11/parter-2048x1217.png 2048w" sizes="auto, (max-width: 1024px) 100vw, 1024px" /><figcaption class="wp-element-caption">Parter</figcaption></figure>



<hr class="wp-block-separator has-alpha-channel-opacity"/>



<figure class="wp-block-image alignwide size-large"><img loading="lazy" decoding="async" width="1024" height="866" src="https://catedradearte.ro/wp-content/uploads/2025/11/etajul_1-1024x866.png" alt="" class="wp-image-104" srcset="https://catedradearte.ro/wp-content/uploads/2025/11/etajul_1-1024x866.png 1024w, https://catedradearte.ro/wp-content/uploads/2025/11/etajul_1-300x254.png 300w, https://catedradearte.ro/wp-content/uploads/2025/11/etajul_1-768x650.png 768w, https://catedradearte.ro/wp-content/uploads/2025/11/etajul_1-1536x1300.png 1536w, https://catedradearte.ro/wp-content/uploads/2025/11/etajul_1-2048x1733.png 2048w" sizes="auto, (max-width: 1024px) 100vw, 1024px" /><figcaption class="wp-element-caption">Etajul I</figcaption></figure>



<hr class="wp-block-separator has-alpha-channel-opacity"/>



<figure class="wp-block-image aligncenter size-large"><img loading="lazy" decoding="async" width="1024" height="614" src="https://catedradearte.ro/wp-content/uploads/2025/11/etajul_2-1024x614.png" alt="" class="wp-image-105" srcset="https://catedradearte.ro/wp-content/uploads/2025/11/etajul_2-1024x614.png 1024w, https://catedradearte.ro/wp-content/uploads/2025/11/etajul_2-300x180.png 300w, https://catedradearte.ro/wp-content/uploads/2025/11/etajul_2-768x461.png 768w, https://catedradearte.ro/wp-content/uploads/2025/11/etajul_2-1536x922.png 1536w, https://catedradearte.ro/wp-content/uploads/2025/11/etajul_2-2048x1229.png 2048w" sizes="auto, (max-width: 1024px) 100vw, 1024px" /><figcaption class="wp-element-caption">Etajul II</figcaption></figure>



<hr class="wp-block-separator has-alpha-channel-opacity"/>



<figure class="wp-block-image aligncenter size-large"><img loading="lazy" decoding="async" width="1024" height="930" src="https://catedradearte.ro/wp-content/uploads/2025/11/etajul_3-1024x930.png" alt="" class="wp-image-106" srcset="https://catedradearte.ro/wp-content/uploads/2025/11/etajul_3-1024x930.png 1024w, https://catedradearte.ro/wp-content/uploads/2025/11/etajul_3-300x273.png 300w, https://catedradearte.ro/wp-content/uploads/2025/11/etajul_3-768x698.png 768w, https://catedradearte.ro/wp-content/uploads/2025/11/etajul_3-1536x1395.png 1536w, https://catedradearte.ro/wp-content/uploads/2025/11/etajul_3-2048x1860.png 2048w" sizes="auto, (max-width: 1024px) 100vw, 1024px" /><figcaption class="wp-element-caption">Etajul III</figcaption></figure>



<hr class="wp-block-separator has-alpha-channel-opacity"/>



<p></p>

<p>Dragi elevi, profesori și prieteni ai liceului, suntem bucuroși să vă invităm la&nbsp;prima ediție a proiectului Open Studios, care va avea loc&nbsp;luni, 10 decembrie 2025, în atelierele liceului nostru, între orele 09:00-16:00. La finalul fiecărui modul, atelierele se deschid publicului, oferind ocazia de a descoperi procesul creativ al elevilor și atmosfera de lucru din școală. [&hellip;]</p>
